
What is the units digit of 31084?
4
What is the hundreds digit of 18410?
4
What is the hundreds digit of 3756?
7
What is the units digit of 9969?
9
What is the hundreds digit of 19121?
1
What is the units digit of 2224?
4
What is the thousands digit of 2010?
2
What is the units digit of 13674?
4
What is the thousands digit of 3645?
3
What is the units digit of 18703?
3
What is the units digit of 53?
3
What is the units digit of 482?
2
What is the thousands digit of 53423?
3
What is the hundreds digit of 21370?
3
What is the units digit of 11738?
8
What is the tens digit of 1445?
4
What is the tens digit of 364?
6
What is the units digit of 124020?
0
What is the thousands digit of 5637?
5
What is the units digit of 1314?
4
What is the units digit of 210?
0
What is the units digit of 631?
1
What is the tens digit of 98739?
3
What is the units digit of 3991?
1
What is the tens digit of 14983?
8
What is the thousands digit of 1222?
1
What is the units digit of 2144?
4
What is the thousands digit of 6731?
6
What is the hundreds digit of 466?
4
What is the hundreds digit of 4428?
4
What is the tens digit of 663?
6
What is the tens digit of 153?
5
What is the hundreds digit of 294?
2
What is the hundreds digit of 1667?
6
What is the units digit of 5718?
8
What is the units digit of 53600?
0
What is the tens digit of 4478?
7
What is the hundreds digit of 7120?
1
What is the ten thousands digit of 14611?
1
What is the units digit of 13?
3
What is the tens digit of 2446?
4
What is the thousands digit of 49995?
9
What is the hundreds digit of 706?
7
What is the units digit of 1779?
9
What is the thousands digit of 14017?
4
What is the tens digit of 97630?
3
What is the tens digit of 729?
2
What is the thousands digit of 26374?
6
What is the hundreds digit of 4460?
4
What is the units digit of 7752?
2
What is the hundreds digit of 3573?
5
What is the hundreds digit of 204173?
1
What is the hundreds digit of 2005?
0
What is the units digit of 99?
9
What is the tens digit of 11723?
2
What is the units digit of 1908?
8
What is the tens digit of 4339?
3
What is the hundreds digit of 7506?
5
What is the thousands digit of 16378?
6
What is the units digit of 2447?
7
What is the hundreds digit of 1453?
4
What is the units digit of 46976?
6
What is the units digit of 48837?
7
What is the hundreds digit of 376?
3
What is the thousands digit of 4181?
4
What is the hundreds digit of 5601?
6
What is the tens digit of 810?
1
What is the hundreds digit of 1344?
3
What is the hundreds digit of 1075?
0
What is the units digit of 7037?
7
What is the units digit of 1433?
3
What is the tens digit of 31911?
1
What is the tens digit of 31316?
1
What is the tens digit of 8493?
9
What is the hundreds digit of 477?
4
What is the tens digit of 20249?
4
What is the units digit of 12102?
2
What is the hundreds digit of 1908?
9
What is the units digit of 10889?
9
What is the tens digit of 232?
3
What is the thousands digit of 2810?
2
What is the units digit of 253?
3
What is the tens digit of 261?
6
What is the tens digit of 9227?
2
What is the thousands digit of 16186?
6
What is the tens digit of 53025?
2
What is the hundreds digit of 11439?
4
What is the units digit of 80?
0
What is the hundreds digit of 1205?
2
What is the units digit of 125?
5
What is the tens digit of 205?
0
What is the hundreds digit of 43381?
3
What is the hundreds digit of 22783?
7
What is the units digit of 731?
1
What is the hundreds digit of 30803?
8
What is the hundreds digit of 31959?
9
What is the ten thousands digit of 52688?
5
What is the units digit of 1458?
8
What is the thousands digit of 7318?
7
What is the ten thousands digit of 19579?
1
What is the hundreds digit of 8218?
2
What is the thousands digit of 8559?
8
What is the hundreds digit of 6878?
8
What is the thousands digit of 1977?
1
What is the thousands digit of 104262?
4
What is the ten thousands digit of 92818?
9
What is the tens digit of 2668?
6
What is the tens digit of 38998?
9
What is the hundreds digit of 71732?
7
What is the units digit of 2299?
9
What is the ten thousands digit of 140637?
4
What is the ten thousands digit of 18113?
1
What is the thousands digit of 4109?
4
What is the tens digit of 299?
9
What is the units digit of 749?
9
What is the tens digit of 17251?
5
What is the hundreds digit of 38507?
5
What is the thousands digit of 7620?
7
What is the hundreds digit of 3497?
4
What is the tens digit of 5426?
2
What is the tens digit of 398?
9
What is the units digit of 15884?
4
What is the hundreds digit of 88662?
6
What is the tens digit of 4504?
0
What is the hundreds digit of 3716?
7
What is the tens digit of 4244?
4
What is the hundreds digit of 6906?
9
What is the thousands digit of 5630?
5
What is the tens digit of 14311?
1
What is the units digit of 381?
1
What is the hundreds digit of 10162?
1
What is the tens digit of 317?
1
What is the tens digit of 1846?
4
What is the units digit of 3114?
4
What is the tens digit of 635?
3
What is the tens digit of 7272?
7
What is the tens digit of 30379?
7
What is the units digit of 7238?
8
What is the tens digit of 42386?
8
What is the tens digit of 658?
5
What is the tens digit of 139?
3
What is the units digit of 4288?
8
What is the units digit of 16584?
4
What is the tens digit of 13062?
6
What is the units digit of 1446?
6
What is the tens digit of 88332?
3
What is the units digit of 10198?
8
What is the hundreds digit of 4131?
1
What is the hundreds digit of 829?
8
What is the hundreds digit of 736?
7
What is the units digit of 294?
4
What is the units digit of 933?
3
What is the tens digit of 13826?
2
What is the tens digit of 3335?
3
What is the thousands digit of 19579?
9
What is the hundreds digit of 953?
9
What is the ten thousands digit of 53766?
5
What is the thousands digit of 121847?
1
What is the tens digit of 1042?
4
What is the ten thousands digit of 128227?
2
What is the units digit of 1857?
7
What is the units digit of 4221?
1
What is the units digit of 640?
0
What is the thousands digit of 14181?
4
What is the hundreds digit of 6616?
6
What is the thousands digit of 130867?
0
What is the tens digit of 1804?
0
What is the hundreds digit of 15108?
1
What is the tens digit of 24338?
3
What is the units digit of 173634?
4
What is the hundreds digit of 1212?
2
What is the tens digit of 479?
7
What is the hundreds digit of 4868?
8
What is the hundreds digit of 20148?
1
What is the thousands digit of 2202?
2
What is the thousands digit of 3807?
3
What is the tens digit of 13069?
6
What is the hundreds digit of 182?
1
What is the tens digit of 2147?
4
What is the ten thousands digit of 26226?
2
What is the tens digit of 60601?
0
What is the tens digit of 567?
6
What is the units digit of 26?
6
What is the hundred thousands digit of 104335?
1
What is the ten thousands digit of 23807?
2
What is the tens digit of 152648?
4
What is the units digit of 918?
8
What is the hundreds digit of 4374?
3
What is the tens digit of 2157?
5
What is the hundreds digit of 6502?
5
What is the hundreds digit of 281?
2
What is the hundreds digit of 39163?
1
What is the tens digit of 5618?
1
What is the hundreds digit of 129356?
3
What is the units digit of 440?
0
What is the ten thousands digit of 24140?
2
What is the hundreds digit of 612?
6
What is the tens digit of 8159?
5
What is the hundreds digit of 1136?
1
What is the tens digit of 5450?
5
What is the units digit of 45?
5
What is the ten thousands digit of 18249?
1
What is the thousands digit of 3210?
3
What is the ten thousands digit of 45805?
4
What is the units digit of 37547?
7
What is the tens digit of 1480?
8
What is the thousands digit of 78683?
8
What is the thousands digit of 7005?
7
What is the units digit of 3305?
5
What is the units digit of 6543?
3
What is the units digit of 908?
8
What is the hundreds digit of 28235?
2
What is the units digit of 685?
5
What is the hundreds digit of 416?
4
What is the units digit of 735?
5
What is the tens digit of 61258?
5
What is the thousands digit of 1773?
1
What is the hundreds digit of 2952?
9
What is the tens digit of 6417?
1
What is the thousands digit of 5986?
5
What is the units digit of 51225?
5
What is the thousands digit of 12262?
2
What is the thousands digit of